{"id":7634,"date":"2025-12-05T11:01:34","date_gmt":"2025-12-05T10:01:34","guid":{"rendered":"http:\/\/test.ivandmitriev.fr\/cai\/?page_id=7634"},"modified":"2026-01-22T19:27:40","modified_gmt":"2026-01-22T18:27:40","slug":"notre-mdd","status":"publish","type":"page","link":"http:\/\/test.ivandmitriev.fr\/cai\/notre-mdd\/","title":{"rendered":"NOTRE MDD"},"content":{"rendered":"\n\n  <div class=\"banner has-hover has-parallax\" id=\"banner-464937274\">\n          <div class=\"banner-inner fill\">\n        <div class=\"banner-bg fill\" data-parallax=\"-6\" data-parallax-container=\".banner\" data-parallax-background>\n            <img loading=\"lazy\" decoding=\"async\" width=\"1288\" height=\"724\" src=\"http:\/\/test.ivandmitriev.fr\/cai\/wp-content\/uploads\/2025\/05\/preconisations.jpg\" class=\"bg attachment-original size-original\" alt=\"\" \/>                        <div class=\"overlay\"><\/div>            \n                    <\/div>\n\t\t\n        <div class=\"banner-layers container\">\n            <div class=\"fill banner-link\"><\/div>            \n\n   <div id=\"text-box-1191429154\" class=\"text-box banner-layer x50 md-x50 lg-x50 y80 md-y80 lg-y80 res-text\">\n                                <div class=\"text-box-content text dark\">\n              \n              <div class=\"text-inner text-center\">\n                  \n\n\t<div id=\"text-3773363878\" class=\"text\">\n\t\t\n\n<h1>VOTRE MDD<\/h1>\n\n\t\t\n<style>\n#text-3773363878 {\n  font-size: 0.85rem;\n}\n<\/style>\n\t<\/div>\n\t\n\n              <\/div>\n           <\/div>\n                            \n<style>\n#text-box-1191429154 {\n  width: 60%;\n}\n#text-box-1191429154 .text-box-content {\n  font-size: 100%;\n}\n<\/style>\n    <\/div>\n \n\n        <\/div>\n      <\/div>\n\n            \n<style>\n#banner-464937274 {\n  padding-top: 300px;\n}\n#banner-464937274 .overlay {\n  background-color: rgba(0,0,0,.5);\n}\n#banner-464937274 .banner-bg img {\n  object-position: 50% 87%;\n}\n<\/style>\n  <\/div>\n\n\n\t<div id=\"gap-235710092\" class=\"gap-element clearfix\" style=\"display:block; height:auto;\">\n\t\t\n<style>\n#gap-235710092 {\n  padding-top: 30px;\n}\n<\/style>\n\t<\/div>\n\t\n\n\t<div id=\"gap-1084385393\" class=\"gap-element clearfix hide-for-medium\" style=\"display:block; height:auto;\">\n\t\t\n<style>\n#gap-1084385393 {\n  padding-top: 50px;\n}\n<\/style>\n\t<\/div>\n\t\n\n<div class=\"row\"  id=\"row-1471540787\">\n\n\n\t<div id=\"col-1438049601\" class=\"col small-12 large-12\"  >\n\t\t\t\t<div class=\"col-inner\"  >\n\t\t\t\n\t\t\t\n\n<div class=\"row\"  id=\"row-433242133\">\n\n\n\t<div id=\"col-297032315\" class=\"col small-12 large-12\"  >\n\t\t\t\t<div class=\"col-inner\"  >\n\t\t\t\n\t\t\t\n\n\t<div id=\"text-3465427556\" class=\"text\">\n\t\t\n\n<p>Forts de notre exp\u00e9rience dans la conception, la formulation et le conditionnement, nous pouvons vous accompagner tout au long de votre projet en marque priv\u00e9e ou \u00e0 votre marque.<\/p>\n\n\t\t\n<style>\n#text-3465427556 {\n  font-size: 1.5rem;\n}\n<\/style>\n\t<\/div>\n\t\n\t<div id=\"gap-1118530276\" class=\"gap-element clearfix\" style=\"display:block; height:auto;\">\n\t\t\n<style>\n#gap-1118530276 {\n  padding-top: 30px;\n}\n<\/style>\n\t<\/div>\n\t\n\n\t<div id=\"text-723944737\" class=\"text\">\n\t\t\n\n<h3>EMBALLAGES ET CONDITIONNEMENT<\/h3>\n<p>Nous vous proposons un large choix de conditionnements diff\u00e9rents tels que : des doses m\u00e9talliques, des doses en aluminium, des bidons m\u00e9talliques, des bidons plastique\u2026<\/p>\n<p>Volumes disponibles : de 150 ml \u00e0 1000 litres.<\/p>\n\t\t\n<style>\n#text-723944737 {\n  font-size: 1.5rem;\n  text-align: left;\n}\n<\/style>\n\t<\/div>\n\t\n\t<div id=\"gap-1322862644\" class=\"gap-element clearfix\" style=\"display:block; height:auto;\">\n\t\t\n<style>\n#gap-1322862644 {\n  padding-top: 30px;\n}\n<\/style>\n\t<\/div>\n\t\n\n\t<div id=\"text-3146282053\" class=\"text\">\n\t\t\n\n<h3>EXEMPLES DE CONDITIONNEMENTS<\/h3>\n\t\t\n<style>\n#text-3146282053 {\n  text-align: left;\n}\n<\/style>\n\t<\/div>\n\t\n\n\t\t<\/div>\n\t\t\t\t\t<\/div>\n\n\t\n\n<\/div>\n\n\t\t<\/div>\n\t\t\t\t\t<\/div>\n\n\t\n\n<\/div>\n\n","protected":false},"excerpt":{"rendered":"","protected":false},"author":2,"featured_media":56,"parent":0,"menu_order":0,"comment_status":"closed","ping_status":"closed","template":"page-transparent-header-light.php","meta":{"_monsterinsights_skip_tracking":false,"_monsterinsights_sitenote_active":false,"_monsterinsights_sitenote_note":"","_monsterinsights_sitenote_category":0,"_uf_show_specific_survey":0,"_uf_disable_surveys":false,"_mc_calendar":[],"footnotes":""},"class_list":["post-7634","page","type-page","status-publish","has-post-thumbnail","hentry"],"yoast_head":"<!-- This site is optimized with the Yoast SEO plugin v27.5 - https:\/\/yoast.com\/product\/yoast-seo-wordpress\/ -->\n<title>NOTRE MDD - CAI<\/title>\n<meta name=\"robots\" content=\"noindex, follow, max-snippet:-1, max-image-preview:large, max-video-preview:-1\" \/>\n<meta property=\"og:locale\" content=\"fr_FR\" \/>\n<meta property=\"og:type\" content=\"article\" \/>\n<meta property=\"og:title\" content=\"NOTRE MDD - CAI\" \/>\n<meta property=\"og:url\" content=\"http:\/\/test.ivandmitriev.fr\/cai\/notre-mdd\/\" \/>\n<meta property=\"og:site_name\" content=\"CAI\" \/>\n<meta property=\"article:publisher\" content=\"https:\/\/www.facebook.com\/profile.php?id=100090473204982\" \/>\n<meta property=\"article:modified_time\" content=\"2026-01-22T18:27:40+00:00\" \/>\n<meta name=\"twitter:card\" content=\"summary_large_image\" \/>\n<meta name=\"twitter:label1\" content=\"Dur\u00e9e de lecture estim\u00e9e\" \/>\n\t<meta name=\"twitter:data1\" content=\"1 minute\" \/>\n<script type=\"application\/ld+json\" class=\"yoast-schema-graph\">{\"@context\":\"https:\\\/\\\/schema.org\",\"@graph\":[{\"@type\":\"WebPage\",\"@id\":\"http:\\\/\\\/test.ivandmitriev.fr\\\/cai\\\/notre-mdd\\\/\",\"url\":\"http:\\\/\\\/test.ivandmitriev.fr\\\/cai\\\/notre-mdd\\\/\",\"name\":\"NOTRE MDD - CAI\",\"isPartOf\":{\"@id\":\"http:\\\/\\\/test.ivandmitriev.fr\\\/cai\\\/#website\"},\"primaryImageOfPage\":{\"@id\":\"http:\\\/\\\/test.ivandmitriev.fr\\\/cai\\\/notre-mdd\\\/#primaryimage\"},\"image\":{\"@id\":\"http:\\\/\\\/test.ivandmitriev.fr\\\/cai\\\/notre-mdd\\\/#primaryimage\"},\"thumbnailUrl\":\"\",\"datePublished\":\"2025-12-05T10:01:34+00:00\",\"dateModified\":\"2026-01-22T18:27:40+00:00\",\"breadcrumb\":{\"@id\":\"http:\\\/\\\/test.ivandmitriev.fr\\\/cai\\\/notre-mdd\\\/#breadcrumb\"},\"inLanguage\":\"fr-FR\",\"potentialAction\":[{\"@type\":\"ReadAction\",\"target\":[\"http:\\\/\\\/test.ivandmitriev.fr\\\/cai\\\/notre-mdd\\\/\"]}]},{\"@type\":\"ImageObject\",\"inLanguage\":\"fr-FR\",\"@id\":\"http:\\\/\\\/test.ivandmitriev.fr\\\/cai\\\/notre-mdd\\\/#primaryimage\",\"url\":\"\",\"contentUrl\":\"\"},{\"@type\":\"BreadcrumbList\",\"@id\":\"http:\\\/\\\/test.ivandmitriev.fr\\\/cai\\\/notre-mdd\\\/#breadcrumb\",\"itemListElement\":[{\"@type\":\"ListItem\",\"position\":1,\"name\":\"Accueil\",\"item\":\"http:\\\/\\\/test.ivandmitriev.fr\\\/cai\\\/\"},{\"@type\":\"ListItem\",\"position\":2,\"name\":\"NOTRE MDD\"}]},{\"@type\":\"WebSite\",\"@id\":\"http:\\\/\\\/test.ivandmitriev.fr\\\/cai\\\/#website\",\"url\":\"http:\\\/\\\/test.ivandmitriev.fr\\\/cai\\\/\",\"name\":\"CAI\",\"description\":\"\",\"publisher\":{\"@id\":\"http:\\\/\\\/test.ivandmitriev.fr\\\/cai\\\/#organization\"},\"potentialAction\":[{\"@type\":\"SearchAction\",\"target\":{\"@type\":\"EntryPoint\",\"urlTemplate\":\"http:\\\/\\\/test.ivandmitriev.fr\\\/cai\\\/?s={search_term_string}\"},\"query-input\":{\"@type\":\"PropertyValueSpecification\",\"valueRequired\":true,\"valueName\":\"search_term_string\"}}],\"inLanguage\":\"fr-FR\"},{\"@type\":\"Organization\",\"@id\":\"http:\\\/\\\/test.ivandmitriev.fr\\\/cai\\\/#organization\",\"name\":\"CAI\",\"url\":\"http:\\\/\\\/test.ivandmitriev.fr\\\/cai\\\/\",\"logo\":{\"@type\":\"ImageObject\",\"inLanguage\":\"fr-FR\",\"@id\":\"http:\\\/\\\/test.ivandmitriev.fr\\\/cai\\\/#\\\/schema\\\/logo\\\/image\\\/\",\"url\":\"http:\\\/\\\/test.ivandmitriev.fr\\\/cai\\\/wp-content\\\/uploads\\\/2023\\\/05\\\/boodwhitelogoSmall.png\",\"contentUrl\":\"http:\\\/\\\/test.ivandmitriev.fr\\\/cai\\\/wp-content\\\/uploads\\\/2023\\\/05\\\/boodwhitelogoSmall.png\",\"width\":500,\"height\":500,\"caption\":\"CAI\"},\"image\":{\"@id\":\"http:\\\/\\\/test.ivandmitriev.fr\\\/cai\\\/#\\\/schema\\\/logo\\\/image\\\/\"},\"sameAs\":[\"https:\\\/\\\/www.facebook.com\\\/profile.php?id=100090473204982\",\"https:\\\/\\\/www.instagram.com\\\/boodcyclingwear\"]}]}<\/script>\n<!-- \/ Yoast SEO plugin. -->","yoast_head_json":{"title":"NOTRE MDD - CAI","robots":{"index":"noindex","follow":"follow","max-snippet":"max-snippet:-1","max-image-preview":"max-image-preview:large","max-video-preview":"max-video-preview:-1"},"og_locale":"fr_FR","og_type":"article","og_title":"NOTRE MDD - CAI","og_url":"http:\/\/test.ivandmitriev.fr\/cai\/notre-mdd\/","og_site_name":"CAI","article_publisher":"https:\/\/www.facebook.com\/profile.php?id=100090473204982","article_modified_time":"2026-01-22T18:27:40+00:00","twitter_card":"summary_large_image","twitter_misc":{"Dur\u00e9e de lecture estim\u00e9e":"1 minute"},"schema":{"@context":"https:\/\/schema.org","@graph":[{"@type":"WebPage","@id":"http:\/\/test.ivandmitriev.fr\/cai\/notre-mdd\/","url":"http:\/\/test.ivandmitriev.fr\/cai\/notre-mdd\/","name":"NOTRE MDD - CAI","isPartOf":{"@id":"http:\/\/test.ivandmitriev.fr\/cai\/#website"},"primaryImageOfPage":{"@id":"http:\/\/test.ivandmitriev.fr\/cai\/notre-mdd\/#primaryimage"},"image":{"@id":"http:\/\/test.ivandmitriev.fr\/cai\/notre-mdd\/#primaryimage"},"thumbnailUrl":"","datePublished":"2025-12-05T10:01:34+00:00","dateModified":"2026-01-22T18:27:40+00:00","breadcrumb":{"@id":"http:\/\/test.ivandmitriev.fr\/cai\/notre-mdd\/#breadcrumb"},"inLanguage":"fr-FR","potentialAction":[{"@type":"ReadAction","target":["http:\/\/test.ivandmitriev.fr\/cai\/notre-mdd\/"]}]},{"@type":"ImageObject","inLanguage":"fr-FR","@id":"http:\/\/test.ivandmitriev.fr\/cai\/notre-mdd\/#primaryimage","url":"","contentUrl":""},{"@type":"BreadcrumbList","@id":"http:\/\/test.ivandmitriev.fr\/cai\/notre-mdd\/#breadcrumb","itemListElement":[{"@type":"ListItem","position":1,"name":"Accueil","item":"http:\/\/test.ivandmitriev.fr\/cai\/"},{"@type":"ListItem","position":2,"name":"NOTRE MDD"}]},{"@type":"WebSite","@id":"http:\/\/test.ivandmitriev.fr\/cai\/#website","url":"http:\/\/test.ivandmitriev.fr\/cai\/","name":"CAI","description":"","publisher":{"@id":"http:\/\/test.ivandmitriev.fr\/cai\/#organization"},"potentialAction":[{"@type":"SearchAction","target":{"@type":"EntryPoint","urlTemplate":"http:\/\/test.ivandmitriev.fr\/cai\/?s={search_term_string}"},"query-input":{"@type":"PropertyValueSpecification","valueRequired":true,"valueName":"search_term_string"}}],"inLanguage":"fr-FR"},{"@type":"Organization","@id":"http:\/\/test.ivandmitriev.fr\/cai\/#organization","name":"CAI","url":"http:\/\/test.ivandmitriev.fr\/cai\/","logo":{"@type":"ImageObject","inLanguage":"fr-FR","@id":"http:\/\/test.ivandmitriev.fr\/cai\/#\/schema\/logo\/image\/","url":"http:\/\/test.ivandmitriev.fr\/cai\/wp-content\/uploads\/2023\/05\/boodwhitelogoSmall.png","contentUrl":"http:\/\/test.ivandmitriev.fr\/cai\/wp-content\/uploads\/2023\/05\/boodwhitelogoSmall.png","width":500,"height":500,"caption":"CAI"},"image":{"@id":"http:\/\/test.ivandmitriev.fr\/cai\/#\/schema\/logo\/image\/"},"sameAs":["https:\/\/www.facebook.com\/profile.php?id=100090473204982","https:\/\/www.instagram.com\/boodcyclingwear"]}]}},"_links":{"self":[{"href":"http:\/\/test.ivandmitriev.fr\/cai\/wp-json\/wp\/v2\/pages\/7634","targetHints":{"allow":["GET"]}}],"collection":[{"href":"http:\/\/test.ivandmitriev.fr\/cai\/wp-json\/wp\/v2\/pages"}],"about":[{"href":"http:\/\/test.ivandmitriev.fr\/cai\/wp-json\/wp\/v2\/types\/page"}],"author":[{"embeddable":true,"href":"http:\/\/test.ivandmitriev.fr\/cai\/wp-json\/wp\/v2\/users\/2"}],"replies":[{"embeddable":true,"href":"http:\/\/test.ivandmitriev.fr\/cai\/wp-json\/wp\/v2\/comments?post=7634"}],"version-history":[{"count":19,"href":"http:\/\/test.ivandmitriev.fr\/cai\/wp-json\/wp\/v2\/pages\/7634\/revisions"}],"predecessor-version":[{"id":8188,"href":"http:\/\/test.ivandmitriev.fr\/cai\/wp-json\/wp\/v2\/pages\/7634\/revisions\/8188"}],"wp:featuredmedia":[{"embeddable":true,"href":"http:\/\/test.ivandmitriev.fr\/cai\/wp-json\/wp\/v2\/pages\/56"}],"wp:attachment":[{"href":"http:\/\/test.ivandmitriev.fr\/cai\/wp-json\/wp\/v2\/media?parent=7634"}],"curies":[{"name":"wp","href":"https:\/\/api.w.org\/{rel}","templated":true}]}}